 3*a - 4*z - 206, -74 = -a + 4*z. Suppose -75 = a*d - 71*d. Calculate the remainder when 35 is divided by d.
5
Let i(y) = 26*y + 946. What is the remainder when 1111 is divided by i(-35)?
31
Let z = 214 - 201. What is the remainder when (-2 - z)*66/(-15) is divided by 24?
18
Let n = -7391 + 7393. Suppose 3*f = r - 68, 4*r - 3*r - 70 = f. Calculate the remainder when r is divided by n.
1
Suppose 0 = 4*n - 198 + 198. Suppose n = -10*x - 57 + 377. What is the remainder when x is divided by 17?
15
Suppose 6*i - 70 = i - 5*r, -r = 4*i - 59. Suppose -1310*u - 108 = -1346*u. What is the remainder when i is divided by u?
0
What is the remainder when 61 is divided by (-4)/(36/81) + (-30)/(-2)?
1
Suppose -688 = -4*m + 24*a - 20*a, 23*a = 2*m - 281. Calculate the remainder when 311 is divided by m.
136
Suppose 0 = c + 38 - 12. Calculate the remainder when (-105)/(-6)*(-8)/(-5) is divided by (c - -43) + -1 + -1.
13
Let c(h) = 114*h + 12. Let z be c(-6). Let n = z + 774. What is the remainder when n is divided by 42?
18
Let s be 3 - (4 + -2 - 1). Let p = 1489 + -1509. What is the remainder when ((p/(-15))/s)/((-4)/(-690)) is divided by 24?
19
Let a = -273 - -529. What is the remainder when (a/7)/2 + (-12)/42 is divided by 18?
0
What is the remainder when (-12)/(-14) - -35538*(-20)/(-840) is divided by 411?
25
Suppose -4*a + 59 = q - 158, -2*q = 3*a - 164. Calculate the remainder when 130 is divided by a.
22
Let b = 92 - 50. Suppose -3*o + 124 + 131 = 0. Suppose 61*r = 66*r - o. Calculate the remainder when b is divided by r.
8
Let z be 8 + -6 + 150/2. Let k = 107 + z. Let x = k - 74. What is the remainder when x is divided by 37?
36
Let u = 118 + -90. What is the remainder when u is divided by (180/(-36))/(3 - (-56)/(-12))?
1
Let p(i) = -2*i**2 + 60*i - 3. Let a be p(30). What is the remainder when 302 is divided by (-5 - (-94)/(-4))*2/a?
17
Let z = 34705 + -34656. What is the remainder when z is divided by 3?
1
Suppose -17*c = 5*c - 88. Suppose 3*g = -2*r + 72, -c*r - r = 4*g - 166. What is the remainder when 108 is divided by r?
18
Let g(i) = 2*i**2 + 36*i + 180. Suppose -4*l - 16 = 12. Calculate the remainder when g(l) is divided by (6/4)/((-15)/(-70)).
5
Let z(p) = 27*p - 2034. Calculate the remainder when 409 is divided by z(76).
13
Suppose -3*o + 63 = -42. Let c = 506 + 20. Suppose c = -4*m + 798. Calculate the remainder when m is divided by o.
33
Let f = 19426 + -19344. Let a = 30 + -9. Calculate the remainder when f is divided by a.
19
Let y = 54 + -42. Suppose y = 5*f - 23. Suppose 5*j + l - 100 = -4*l, -2*j - 5*l = -46. What is the remainder when j is divided by f?
4
Suppose -f + z + 343 = 0, -375 + 52 = -f - 4*z. Suppose 5*k - 250 = -5*r, 36*r + 149 = 3*k + 38*r. Calculate the remainder when f is divided by k.
45
Let g = 87 - 67. Let n(i) = -2*i**3 + 42*i**2 - 24*i - 27. What is the remainder when n(g) is divided by 27?
23
Let l(p) = -p + 22. Let u(s) = 55*s**2 + 18*s - 59. What is the remainder when u(2) is divided by l(0)?
21
Suppose 3*h - 9 = j, 6*h - 4*j = 9*h - 9. What is the remainder when 61 is divided by 120/12 + (h - 0)?
9
Let c(h) = 29*h + 51. Let v be c(28). Suppose -v = -11*k + 886. Calculate the remainder when k is divided by 27.
24
Suppose -49*t - 920 = 13*t - 3152. What is the remainder when 7378 is divided by t?
34
Suppose 3*l = -5*k + 762, 0 = -2*l - 5*k - 1 + 509. Suppose l = f - 73. What is the remainder when f is divided by 33?
30
Let w(b) = b**2 + 77*b + 683. Suppose 0*h = 4*h - 308. Calculate the remainder when h is divided by w(-67).
12
Let m(w) = 2*w**2 - 12*w + 189. Calculate the remainder when m(8) is divided by 113.
108
Let d be 3/(-5) - 156/(-60). Suppose 0 = -4*n - h + 26, -2 - d = -2*h. Suppose -n*u + 44 = 8. Calculate the remainder when 21 is divided by u.
3
Let j(y) = 7*y - 6. Let a(o) = 2*o**3 + 28*o**2 + 5. Let d = 72 + -86. Calculate the remainder when j(2) is divided by a(d).
3
Suppose 0 = -4*c - 5*h - 17, 4*c = -c + 4*h + 30. Let r(q) = 10*q**2 - 2*q - 4. Let d be r(c). Calculate the remainder when d + -3 - (-1 - 2) is divided by 10.
2
Let u = 153 - 88. Calculate the remainder when u is divided by (-23)/(-391)*-17*((-1 - -2) + -38).
28
Calculate the remainder when 7015 is divided by -6*(-354)/18 - ((-8)/(-8) + -4).
118
Let l be (-8 - -980) + (-6)/6. Let k = l - 947. Suppose 3*o = 4*p - 2*o - 319, -161 = -2*p + o. What is the remainder when p is divided by k?
9
Let m = 155 - 111. Let w(u) = -6*u**3 - 2*u**2 + 3*u**3 - 2 - 1 + 5*u + 9. Calculate the remainder when m is divided by w(-2).
8
Let y = -101 - -100. Let j be -3*(2 + -3) - (y + -3). Suppose -5*m = -5*s + 270, -2*s = -j*s - 3*m + 262. Calculate the remainder when s is divided by 27.
26
Suppose 0*k + k = -4*r - 2, 3*k - r = 7. Suppose 0 = 7*w - k*w - 55. Suppose -5*g + 94 = -w. Calculate the remainder when 39 is divided by g.
18
Let z be 1 + 2694/12 - (-1)/2. Let r = z + 76. Calculate the remainder when r is divided by 18.
14
Let m = 511 + 1582. What is the remainder when m is divided by 6?
5
Let q(k) = 6*k**2 + 50*k - 216. Calculate the remainder when q(4) is divided by 32.
16
Suppose 11*c = 14*c - 15. Let u(m) = -m**3 + 3*m**2 + 2*m + 10. Let k be ((-8)/(-6))/(((-1)/(-3))/1). Calculate the remainder when c is divided by u(k).
1
Suppose 5*o + 2*g + 27 - 96 = 0, o - 2*g - 21 = 0. Calculate the remainder when 7407 is divided by o.
12
Let v = 3235 - 2889. Calculate the remainder when v is divided by 47.
17
Suppose 3*b - 2*b - 24 = 5*q, 42 = 5*b + q. What is the remainder when 61 is divided by (-5 + (-5 - 8))*(-3)/b?
1
Suppose 1 - 21 = -4*o. Suppose -3*u - o = -4*u. Suppose 4*r = -u*s + 69, -3*r = -3*s + 76 - 13. Calculate the remainder when s is divided by 3.
2
Let z(i) = 1077*i - 2070. What is the remainder when 415 is divided by z(2)?
79
Suppose -9*b + 0*b = -59*b + 5950. What is the remainder when b is divided by 60?
59
Suppose 257 = 9*o + 221. Suppose 8 = 4*s + o*d, 3*s = 3*d + 39 - 9. Calculate the remainder when 6 is divided by s.
0
Suppose 0 = -1855*i + 1839*i + 1792. What is the remainder when i is divided by 35?
7
Let s be (1/(-6))/(10/(-120)). Suppose 0 = -3*l - 3*z + 87, -4*z + 58 = s*l - 5*z. What is the remainder when 127 is divided by l?
11
Suppose 136 = 8*h + 80. Suppose -h*y = -264 - 226. What is the remainder when 487 is divided by y?
67
Let b = -16637 - -16911. What is the remainder when 825 is divided by b?
3
Let f = 8864 - 8692. What is the remainder when 2043 is divided by f?
151
Let i(m) = 2*m**3 - 220*m**2 + 4*m - 383. Suppose -199 = -3*t - 43. Calculate the remainder when i(110) is divided by t.
5
Let s = 3 - 3. Suppose -p - 5*y + 46 = 0, -3*y - 4 + 1 = s. Suppose -3*m + 9 = -p. What is the remainder when m is divided by 5?
0
Let b(k) = k**3 - 3*k**2 - 8*k + 4. Calculate the remainder when (16/(-36))/(1494/(-181521)) is divided by b(5).
12
Let l be (570/(-35))/((-6)/21). Let o = 76 - l. Calculate the remainder when 56 is divided by o.
18
What is the remainder when 2 - ((-142 - 2) + -1) is divided by ((-777)/(-12))/((-511)/(-292))?
36
Suppose -29*a - 70 = -34*a. What is the remainder when 49 is divided by a?
7
Let d(n) = -5*n**2 + 3*n - 117. Let w(l) = 14*l**2 - 9*l + 350. Let k(r) = -17*d(r) - 6*w(r). What is the remainder when 31 is divided by k(-13)?
12
Let n(c) = -188*c - 347. What is the remainder when n(-10) is divided by 6?
3
Let f = 573 - 543. What is the remainder when 124 is divided by f?
4
Let b(c) = -10*c**3 + 2*c**2 + 2*c. Let r be b(-1). Calculate the remainder when ((-3 - -4) + (-16)/r)*-55 is divided by 30.
3
Suppose 201*m = -4*m + 274569 + 164746. Calculate the remainder when m is divided by 83.
68
Let t = -9606 - -9723. Calculate the remainder when 139 is divided by t.
22
Let c(j) = 4*j**3 + 23*j**2 + 2*j - 1. Let i be c(-5). Suppose 13 - 1 = r + 5*l, 0 = 4*r + 4*l - i. Calculate the remainder when 118 is divided by r.
16
Let v(a) = 886*a - 10. Let z be v(1). Suppose -17*n + z = -5*n. What is the remainder when n is divided by 37?
36
Let s(i) = 46*i + 42*i - 7 + 44 - 13*i. Let q be s(11). Calculate the remainder when q/8 + 4/16 + 1 is divided by 37.
35
Let t = -142 + 134. Let y = 33 + t. Calculate the remainder when y is divided by 15.
10
Calculate the remainder when 180/(-24)*((-3216)/(-15))/(-2) is divided by